y h.
18
Suppose -4*x + 14 = 3*l, -5*x + 0*l - l = -12. Let r(m) = m**3 + 3*m**2 - 4*m + 4. Calculate the remainder when r(x) is divided by 2*((-9)/2)/(-1).
7
Let p(f) = 79*f - 5. Suppose 20*j - 27*j + 14 = 0. Suppose 4*i - 108 = 4*w, -j*w + 69 = 3*i - 7. Calculate the remainder when p(2) is divided by i.
23
Let u(j) = 2*j**3 - 41*j**2 + 19*j + 205. Calculate the remainder when 687 is divided by u(20).
132
What is the remainder when ((-10)/6)/(119/(-9282)) is divided by 7?
4
What is the remainder when 789/9*(-2 + 5) is divided by (2 + 222/(-12))*4*2/(-4)?
32
Let b(n) = -27*n - 10. Let t be b(-18). Suppose -y - t = -4*f, 5*f = -5*y - 39 + 634. What is the remainder when f is divided by 40?
39
Let z = -59 + 98. Let o(f) = -87*f + 2157. Calculate the remainder when o(24) is divided by z.
30
Let p(r) = 10*r - 9. Let l be p(3). Suppose -5*g - b = -70, 5*b + l + 4 = 0. What is the remainder when g is divided by (-140)/(-18) - (-12)/54?
7
Let n = 268 + -212. Suppose -21*q = -22*q + n. What is the remainder when 557 is divided by q?
53
Suppose -23 - 11 = -2*c - 4*n, 0 = -3*n - 18. Suppose w + j = 2*w + 2, 4*j + 8 = 0. Let i = c - w. Calculate the remainder when 164 is divided by i.
32
Suppose 467*d - 922*d - 120 = -465*d. Let o(j) = -26*j + 4. Calculate the remainder when o(-3) is divided by d.
10
Let q(g) = -16*g**2 + 281*g - 107. Calculate the remainder when 960 is divided by q(17).
40
Calculate the remainder when 272 is divided by 375/3*(192/60 + -3).
22
What is the remainder when (-274)/(-16 + (4 - -10)) is divided by 126?
11
Let v = 4258 - 4241. Calculate the remainder when 1237 is divided by v.
13
Suppose 623 = 475*w - 468*w. Let u = w - -55. What is the remainder when u is divided by 47?
3
Let w = 145 - 126. Let m(l) = -7*l**2 - 41*l + 7. Let z(f) = -3*f**2 - 20*f + 4. Let h(b) = -4*m(b) + 9*z(b). What is the remainder when h(w) is divided by 17?
14
Suppose -5*y = h - 1270, -3*h + 451 + 44 = 2*y. Let r = -243 + y. Calculate the remainder when r is divided by -8*2/(-4)*1.
0
Suppose -32*v + 27*v - 3*w = -3949, 5*v = -w + 3933. What is the remainder when v is divided by 35?
15
Let z(h) = -2*h**3 - 13*h**2 - 20*h - 2. Let r(m) = -m**3 - 6*m**2 - 10*m - 2. Let c(u) = 5*r(u) - 2*z(u). What is the remainder when 121 is divided by c(-4)?
19
Suppose -6*k - 6*k = -10440. Let v be k/(-55) + (-8)/44. Calculate the remainder when v/(-8)*94 + 0 + 1 is divided by 48.
45
Suppose 0 = -4*o + 16, 5*m = 4*o + 175 + 214. Suppose 53 + 45 = -2*d. Let u = 71 + d. Calculate the remainder when m is divided by u.
15
Suppose -5*j + 10 = -15. Suppose 6 = -3*t, j*w - w = 5*t + 202. Calculate the remainder when 50 is divided by (-61)/(-7) + (2 - w/28).
5
Let r(m) = -32*m**3 + 4*m**2 + 3*m + 6. Let d = -706 + 704. Calculate the remainder when r(d) is divided by 55.
52
Suppose 0 = 153*n - 157*n - 2*m + 308, -2*n - 3*m + 166 = 0. Calculate the remainder when n is divided by 10.
4
Let d = -47 - 5. Let o = 46 + d. Let n = 2 - o. Calculate the remainder when 21 is divided by n.
5
Suppose -15*o - 95 = -16*o. Let f = -85 + o. Suppose 390 + f = 8*d. What is the remainder when d is divided by 13?
11
Let i(u) = 27*u + 199. Calculate the remainder when 97 is divided by i(-7).
7
Let n(i) = -5*i**3 + 88*i**2 - 36*i - 13. What is the remainder when 962 is divided by n(17)?
236
Suppose 0 = 5*i + 3*q - 60, 2*i + 3*q + 0*q - 33 = 0. Let v = 1504 + -1444. Calculate the remainder when v is divided by i.
6
Let q(p) = -p**2 + 19*p + 27. Let u be q(20). Let k(x) = -6*x + 16. What is the remainder when k(-6) is divided by (-7)/(14/(-5))*(u - 1)?
7
Suppose 8127 = -6090*c + 6111*c. Calculate the remainder when c is divided by 15.
12
Let d = -1676 + 1942. What is the remainder when d is divided by 13?
6
Let q(k) = k**2 - 18*k - 457. What is the remainder when q(-19) is divided by 31?
29
Suppose -34*v - 4388 = -151*v + 5089. What is the remainder when 1203 is divided by v?
69
Let p(w) = -6*w + 24. Let y be p(4). Let t = 25 - -26. Suppose y*j - n = -j + 35, j - 5*n - t = 0. What is the remainder when j is divided by 17?
14
Suppose -o - 16 = 16. What is the remainder when (21/4)/((-6)/o) is divided by -11*(-7)/154 - (14/(-4) - -1)?
1
Let t = 67 + -49. Let q(r) = -r + 220. What is the remainder when q(t) is divided by 9?
4
Suppose 1919 - 5819 = -26*l. Calculate the remainder when 288 is divided by l.
138
Suppose 3*m + 3*c - 405 = 9, c = 4*m - 577. What is the remainder when m is divided by 2 + (-24)/11 - 11*4908/(-1452)?
32
Let z(q) = -7*q**2 + 11*q - 39. Let m be z(5). Let r = m - -169. What is the remainder when 217 is divided by r?
7
Suppose 29 = 4*b + 9. Suppose 2*g - b*g + 114 = 0. Calculate the remainder when (-31629)/(-169) + 4/(-26) is divided by g.
35
Suppose -4*a + 4*b + 1409 = -839, -5*b - 538 = -a. Calculate the remainder when a is divided by 46.
16
Suppose -16*n = -21*n + 45. Suppose c - 3*c - 5*p = -152, 0 = 3*c + 3*p - 219. What is the remainder when c is divided by n?
8
Let g = -60 - -74. What is the remainder when (-3 + g/5)*-215 is divided by 16?
11
Suppose 20*f = -j + 18*f + 102, -5*j + 447 = f. Calculate the remainder when 107 is divided by j.
19
Suppose 24*u = 3584 + 12804 + 3628. What is the remainder when u is divided by 136?
18
Let u(z) be the second derivative of -17*z**3/6 - 9*z**2/2 + z. Let w be ((-36)/(-16))/(10 + 664/(-64)) - -5. What is the remainder when 14 is divided by u(w)?
6
Suppose -r = -6*r - 20. Let z be 4/(r + 32/6). Calculate the remainder when 25 is divided by (1 - z)/(2/(-13) - 0).
12
Suppose -14*n + 27 + 15 = 0. Let w(z) = z**3 + 3*z + 3. Calculate the remainder when 8*(1/(-1) + 25) is divided by w(n).
36
Let v(k) = -k**3 - 22*k**2 - 113*k - 5. Calculate the remainder when 199 is divided by v(-14).
1
Suppose o = 2*v - 202, -2*v - 8*o + 3*o + 190 = 0. Let p(c) = c**2 + 18*c - 1. Calculate the remainder when v is divided by p(-19).
10
Suppose -4*f = -3*x + 9, -3*x + 2*f = -7*x + 34. Let v = 8 + x. What is the remainder when 50 is divided by 2*(2 - -2 - v/(-6))?
11
Let j(v) = -v + 20. Suppose 15*n = 73 + 122. Let a be j(n). What is the remainder when 63 is divided by ((-22)/a)/((-2)/14)?
19
Suppose 19*g = 3*u + 17*g - 19, 5*u - 33 = 4*g. Suppose -v - 2*v + 375 = 3*s, -u*s - 257 = -2*v. What is the remainder when v is divided by 33?
27
Suppose 5*w + 5*b - 12454 + 1919 = 0, 0 = 2*w - 2*b - 4238. What is the remainder when w is divided by 20?
13
What is the remainder when (-4)/12*-5502 + -11 + 5 is divided by 15?
13
Let x(f) = f**3 - 45*f**2 + 86*f + 98. Let k be x(43). Suppose -24 = -y - 3*u, 5*y - k = 2*u - 6*u. What is the remainder when 58 is divided by y?
4
Let x be (-7)/(126/(-747))*2. Suppose -x*w - 424 = -91*w. What is the remainder when 528 is divided by w?
51
Suppose -193*h - 10 = -198*h. Let b = -71 + 151. Suppose 0 = -h*u - 3*r + 25, -u - 2*u + 4*r = -b. What is the remainder when 76 is divided by u?
16
Let g = -221 - -233. Suppose 4*p + 16 = 4*l, g*p = 4*l + 15*p - 44. Calculate the remainder when 39 is divided by l.
7
Suppose -12*w + 125 + 7 = 0. Suppose -k - f = -241, 0 = 5*f - 4 - w. What is the remainder when k is divided by 49?
42
Let p be (3 + (-6)/4)/(2/124). Let t = p - 61. Suppose -s + t = 4*k, -16 = -2*s - 0*k + 4*k. What is the remainder when s is divided by 7?
2
Let o be (-13)/((-78)/36) - -3. Suppose 0 = -13*b + o*b + 5*a + 207, 5*a + 15 = 0. What is the remainder when (-27)/2*b/(-18) is divided by 10?
6
Let s(n) = 8*n**3 - 16*n**2 + 5*n + 75. Calculate the remainder when s(6) is divided by 35.
32
Let t = -28802 - -28835. Calculate the remainder when 2209 is divided by t.
31
Suppose -101 + 38 = -3*c. What is the remainder when 397 is divided by c?
19
Let k(a) = -6*a**3 - a**2 - 3*a - 4. Let v be (488/72 + -7)*9. Calculate the remainder when k(v) is divided by 26.
20
Suppose -5*b = -s + 839, -2*b - 849 = -s - 7*b. Let p = 863 - s. Calculate the remainder when 36 is divided by p.
17
Suppose -4*z - 12*k + 2732 = -16*k, 0 = 5*k - 40. What is the remainder when z is divided by 172?
3
Let h = 1851 - 1732. Calculate the remainder when 578 is divided by h.
102
Let r(d) be the first derivative of -12 + 6*d**2 + 1/4*d**4 + 3*d + 3*d**3. What is the remainder when r(-6) is divided by 7?
4
Let f = -13311 + 13332. What is the remainder when 783 is div